 by y.
8
Let w(a) = -3*a**2 - 13*a + 33. Let s(k) = -2*k**2 - 7*k + 16. Let d(u) = -5*s(u) + 3*w(u). What is the remainder when d(9) is divided by ((-34)/8)/(1/(-4))?
13
Let i(b) = -b**3 - 3*b**2 + 24*b + 17. Calculate the remainder when i(-7) is divided by 4.
1
Let i = -423 + 432. What is the remainder when 114 is divided by i?
6
Let n(s) = s**3 - 19*s**2 + 17*s + 21. Let a be n(18). Suppose 2*t = 4*t - a*y - 35, t = 5*y + 21. What is the remainder when 78 is divided by t?
14
Suppose -2*z = 34 - 12. Let m(n) = -n**3 - 10*n**2 + 10*n - 1. Calculate the remainder when 39 is divided by m(z).
9
Let y = -32 + 53. Suppose -7 = -i - 0*i + 3*s, s + y = 3*i. Let v(m) = -m**3 + 8*m**2 - 6. Calculate the remainder when v(i) is divided by 15.
13
Let u = -118 + 137. What is the remainder when 102 is divided by u?
7
Suppose -4*g + 53 = -83. Suppose -3*i + 5*o = -31, g - 1 = 5*i + o. Suppose -3*p + 46 + 32 = 0. What is the remainder when p is divided by i?
5
Suppose 11*x = -127 + 490. What is the remainder when 395 is divided by x?
32
Calculate the remainder when (4 - -1)*(-51 - -90) is divided by 49.
48
Suppose -3*c - c = -i - 1, 3*c = i + 2. Let p = i - -8. Let q = -77 + 81. Calculate the remainder when q is divided by p.
1
Suppose 2618*y - 2617*y = 11. What is the remainder when 350 is divided by y?
9
Suppose -70 = -2*m + 34. Calculate the remainder when 308 is divided by m.
48
Let j(l) = 9*l**2 + 9*l + 22. Let c be (4 - (-3 + 8)) + -1. What is the remainder when 158 is divided by j(c)?
38
Suppose 11*n - 3*n = 472. Let r(t) = t**2 + 4*t - 2. What is the remainder when n is divided by r(2)?
9
Calculate the remainder when 1032 is divided by 12*(-3 - (-105)/28).
6
Let s be 119/4 - (-6)/24. Let r = -11 + s. Suppose g = 18 + r. Calculate the remainder when g is divided by 13.
11
Suppose -3141*w - 135 = -3146*w. Calculate the remainder when 1106 is divided by w.
26
Let m be (1 - -2*1) + -2. Suppose 4*w + m = 49. Suppose 0 = -x + 5*b + 46, -2*x - 3*b + 92 = -2*b. Calculate the remainder when x is divided by w.
10
Let g = -1 + 1. Suppose -16 - 9 = -5*x. What is the remainder when x is divided by 1 + 0 + (g - -1)?
1
Let d(l) = l**3 - 8*l**2 - 14*l + 9. What is the remainder when d(11) is divided by 10?
8
What is the remainder when 55 is divided by (112/(-126))/((-14)/63)?
3
Suppose 81*o = 90*o - 270. Calculate the remainder when 507 is divided by o.
27
Let l be 1/5 + ((-174)/15)/(-2). Suppose 5*b = 31 - 11. Calculate the remainder when (12 - -4)/4 + l is divided by b.
2
Let j(a) = 17*a + 317. Calculate the remainder when 46 is divided by j(-16).
1
Let v(j) = j**2 + 15*j + 12. Let b be v(-14). Calculate the remainder when 39 is divided by (25 - 15) + (-1 - b).
6
Let l(b) = -b**3 + 14*b**2 - 11*b + 36. Calculate the remainder when l(13) is divided by 13.
10
Let u = 24 - 30. Let k(h) = 3*h + 7. Let r be k(u). Let a = 17 + r. What is the remainder when 15 is divided by a?
3
Suppose 0*z + 16 = -4*z, 5*r - 5*z = -240. Let u = -21 - r. Calculate the remainder when 90 is divided by u.
28
Suppose 4*h - 5*m - 203 = 0, -2*h - h - 2*m = -135. Calculate the remainder when h is divided by 12.
11
Suppose -59 - 43 = -2*s. Calculate the remainder when 146 is divided by s.
44
Suppose 5*y - 3*c - 110 = -c, -3*c + 22 = y. Suppose -26 = u - 4. Let l = u + 26. Calculate the remainder when y is divided by l.
2
Suppose 3*d - l = 2*d + 3, -4*d + l + 9 = 0. What is the remainder when (28/8)/((-2)/(-4)) is divided by d?
1
Let z(a) = -4*a**2 - 42*a - 6. Calculate the remainder when 33 is divided by z(-10).
5
Let s be 59 - (-4 + 3 - -4). Let i(l) = -8*l + 5. What is the remainder when i(-5) is divided by (54/(-21))/((-12)/s)?
9
Suppose y - 15 = -5*n, -2*n = -5*n + 4*y - 14. Let j be n/(-2 - -4)*30. Suppose k + j = 3*k. Calculate the remainder when 42 is divided by k.
12
Suppose -p - 5*w = 2*p - 873, -p + 291 = 5*w. What is the remainder when p is divided by 49?
46
Calculate the remainder when 0 + 564 - 272/34 is divided by 40.
36
Suppose o = -0*o - t + 288, o = 5*t + 264. Calculate the remainder when o is divided by 12.
8
Let l(y) = -2*y**3 + 2*y**2 + 4*y + 12. What is the remainder when l(-4) is divided by 54?
48
Let u(f) = 2*f**2 - 3*f - 80. Calculate the remainder when u(-7) is divided by 22.
17
What is the remainder when (-1*1/2*202)/(-1) is divided by 29*(2 - (-3)/(-3))?
14
Suppose -672 = 9*g - 16*g. Calculate the remainder when 296 is divided by g.
8
Let u(f) = -3 - 4*f**2 - 4 + 2*f + 4*f**2 - 3*f**2. Let w be u(3). Let c = -17 - w. What is the remainder when 30 is divided by c?
8
Calculate the remainder when 47 is divided by 12*1/(-15) + 38/10.
2
Suppose 3*h = -5*g - 15, -2*g + 9 = -2*h - 1. Let r(f) = 33 + 11 + f + 0*f. Calculate the remainder when r(g) is divided by 15.
14
Suppose -2*v + 452 + 418 = 4*s, 3*s - v = 640. What is the remainder when s is divided by 55?
50
Suppose 0 = 5*m - 72 - 278. Let p = 78 - m. Suppose -2*o + 120 = 2*o. What is the remainder when o is divided by p?
6
What is the remainder when (-2 + -5)/((-20)/340) is divided by 20?
19
Let s(u) be the first derivative of u**3/3 - 11*u**2/2 + 7*u - 58. Suppose -4*t - 16 + 84 = 0. Calculate the remainder when s(14) is divided by t.
15
Suppose 0 = -d - 3*b + 56, 3*d - 4 = 4*b + 229. Calculate the remainder when d is divided by 5.
1
Let c = -385 - -387. What is the remainder when 46 is divided by c?
0
Suppose -34*u = -24*u - 990. What is the remainder when u is divided by 25?
24
Suppose 0 = -4*x - 8*x + 48. Suppose -x*h - 5*l + l = -52, -3*l + 51 = 4*h. What is the remainder when 22 is divided by h?
10
Let d = 33 + -23. What is the remainder when 109 is divided by d?
9
What is the remainder when 23 is divided by (14 - (2 - -4)) + 4?
11
Let q(c) = c**2 + 2*c - 1. Calculate the remainder when (900/(-200))/(18/(-8)) is divided by q(-3).
0
What is the remainder when -47 - -54 - (2/2 + -480) is divided by 12?
6
Suppose -42*m = -37*m - 2*h - 37, -8 = -m + h. What is the remainder when m is divided by (-14)/(-4) - (-2)/4?
3
Let g = 47 + 44. What is the remainder when 267 is divided by g?
85
Let d(k) = -16 - k + 19 + 5*k - 2*k. Calculate the remainder when 26 is divided by d(2).
5
Let y be (-2 - 2)*5/4. Let p = y - -15. Calculate the remainder when 39 is divided by p.
9
What is the remainder when ((-60)/18)/(5/930*-4) is divided by 33?
23
Let d(z) = 3*z + 0*z + 2*z**3 - z. Let b = -119 - -195. Calculate the remainder when b is divided by d(2).
16
Let q = 287 - 232. Calculate the remainder when 217 is divided by q.
52
Suppose 9 - 24 = g. Calculate the remainder when (-4 - (-35)/15)*g is divided by 41/3 + 2/(-3).
12
Let r(q) = -q**3 + q**2 - 5*q + 6. Let b be r(5). Let x = b - -171. What is the remainder when x is divided by 8?
4
Suppose 0 = 44*u - 48*u + 44. Suppose -2*i + 5*j + 74 = 0, i = 3*i - 2*j - 68. Calculate the remainder when i is divided by u.
10
Suppose 0 = 2*z + 86*o - 90*o + 8, 14 = -z + 4*o. What is the remainder when 148 is divided by z?
4
Let n(b) = -3*b**3 - 14*b**2 + 2*b + 55. What is the remainder when 224 is divided by n(-5)?
14
Suppose -819 = -32*h + 685. Let v(t) = -t**2 - 10*t - 4. Calculate the remainder when h is divided by v(-7).
13
Suppose 444 = 9*f - 15. Calculate the remainder when f is divided by 11.
7
Let y(q) = 6*q**2 - 6*q. Let g be (-4)/(-1 + 1 + 20/10). What is the remainder when y(g) is divided by 13?
10
Let q(z) = -2*z - 11. Let a be q(-8). Suppose -2 = -3*r + a*h, 4*r - 2*h = -6*h - 8. Let y = r - -16. What is the remainder when y is divided by 8?
7
Let s = -38 - -43. Suppose 0*z - 5*z = -10. Suppose 4*i = -b - 6, z*i - 24 = -s*b - 0*b. What is the remainder when 21 is divided by b?
3
Let d(u) = 2*u**3 - 13*u**2 + 11*u + 31. Let n(c) = c**3 - 6*c**2 + 5*c + 16. Let q(x) = 6*d(x) - 11*n(x). Calculate the remainder when 38 is divided by q(11).
8
Let n = -9 + 11. Let x(d) = -4*d + 10*d - n*d. What is the remainder when 30 is divided by x(4)?
14
Let s(z) = -2*z. Let f be s(5). Suppose 0 = 2*q - i - 27, 2*q + 2*q + 5*i - 61 = 0. Let k = f + q. Calculate the remainder when k is divided by 3.
1
Let o be (16/(-2))/(1 - 45/35). Let l = -11 + o. Calculate the remainder when 66 is divided by l.
15
What is the remainder when (16/(-10))/(166/(-15355)) is divided by 15?
13
Let i(b) = 6*b. Let h be i(